Suppose -50930*d + 50916*d + 547834 = 0. Is d prime?
False
Let g be 3/(12/(-20)) - -8164. Let t = g - 2861. Suppose 12*z - 6*z = t. Is z a composite number?
False
Let f = -51430 - -90281. Is f a composite number?
False
Suppose -5*f = 5*g + 20, -2*f + 2*g + 0*g - 20 = 0. Let s be (-1407)/(-18) + f - 2/12. Suppose 3857 = 2*i + s. Is i prime?
False
Let n = 38 - 20. Let b be 36022/18 + (-4)/n. Is -4 - (4 - b/1) a prime number?
True
Let r(d) = 13*d**2 + 0 - 16 - 17 + 14 + 21*d. Is r(-15) a prime number?
True
Suppose -4*h = -7*h. Suppose l - 3*l = 0, -3*y - 3*l - 36 = h. Is (26930/y)/(-5) + 5/30 a composite number?
False
Let l = -91833 - -173120. Is l prime?
False
Let l be 54 - 7/(21/(-6)) - 2. Suppose -l*o = -57*o + 1293. Is o composite?
False
Let i(n) = n**3 - 15*n**2 + 12*n + 26. Let s be i(14). Let k be s/(24/9) - (-76657)/28. Let x = k + -1380. Is x a prime number?
False
Suppose -z + 30 = -6*z. Is (1/z*-3274)/(4/12) composite?
False
Let m(c) = c**3 + c**2 - 2*c + 35. Let r be m(-5). Is 4240 - ((-12)/10 + (-11)/r) prime?
True
Let f be 15 + 1 - 4/(-2). Let c be (1 - 1)*(f + -19). Suppose 123*u - 126*u + 2949 = c. Is u prime?
True
Let z(l) = 1883*l**2 - 28*l - 314. Is z(-11) a prime number?
False
Suppose -56*z = -61*z. Suppose y - 17 = 4*p, -5*y + 4*p + 64 - 11 = z. Is 0/y + 0 + 2437 a prime number?
True
Let n = 70 - 65. Suppose 352 = -n*y + y. Let b = y - -339. Is b a composite number?
False
Suppose -471*j + 10434096 = -19564365. Is j composite?
False
Let t = -11728 - -19620. Let s = 13731 - t. Is s prime?
True
Suppose 8*k = 12*k + 28. Is 7/((-21)/(-22500)) - k a prime number?
True
Let c = 315 - 309. Suppose 12542 = -c*q + 72284. Is q a prime number?
False
Let u(y) = -394*y + 31. Suppose -21*f = -f + 300. Is u(f) a prime number?
False
Let s(j) = 453*j**2 + j - 32. Let f be s(4). Suppose -5*m = f - 28030. Is m a composite number?
True
Let l be 16/(-40) + 2904/10. Suppose 15289 = 13*o - 8748. Let g = o - l. Is g composite?
False
Let b = -355517 + 917614. Is b composite?
True
Let z(c) = -1775*c**3 - 12*c**2 - 6*c + 8. Let d(x) = -x**2 + 2*x + 1. Let q(m) = -6*d(m) + z(m). Is q(-3) a prime number?
False
Suppose 2*f + 0*f - q = 35, 3 = -q. Suppose 2*w - 11 = -2*v + v, 3*w - 5*v = -f. Suppose 2*p = -p - 3*a + 630, -660 = -3*p + w*a. Is p prime?
False
Let a be ((-90)/20)/(6/808). Let l = 1339 + a. Is l a prime number?
True
Suppose -4 = -2*d + 3*k, -k - 9 = -2*d - 1. Suppose 10*x = d*x + 20. Suppose -x*i + 1266 + 3190 = 0. Is i composite?
True
Let g be (-9)/(-2)*12*4/72. Is -13 + 10 + 698*51/g a prime number?
True
Suppose 15 = -z - 7*s + 2*s, 2*z - 26 = 4*s. Let l(y) = y**3 + 15*y**2 - 8*y + 37. Let m be l(-9). Suppose z*c - 2190 = -m. Is c composite?
True
Let p be (170/6)/((40/12)/10). Let d = p + -78. Let g(v) = v**3 - 3*v**2 - 16*v + 1. Is g(d) prime?
False
Suppose -9*w - 27268415 = -38*w - 10814772. Is w prime?
True
Let l(c) be the third derivative of c**6/120 - 11*c**5/60 + 3*c**4/4 - 7*c**3/2 - 27*c**2. Let t be l(14). Let o = t + -80. Is o a prime number?
True
Suppose 0 = -k + 2*i + 10, 5*k + i - 6 = 0. Let h be -4 + 4 + k + 343. Suppose 6*n - h = 609. Is n prime?
False
Suppose -n + 103471 = -u - 4*u, 0 = 2*n + 5*u - 206882. Is n prime?
True
Let d = -104 - -138. Suppose d*u = 9*u + 37825. Is u a prime number?
False
Suppose -2*o = -3*j - 8416, 4842 - 634 = o - 3*j. Suppose o = c - 183. Is c prime?
True
Let k = 24 - 36. Let o be 1198/k - ((-5)/6 - -1). Let f = 209 + o. Is f composite?
False
Let x(y) = 3798*y**2 + 6*y + 215. Is x(-10) a composite number?
True
Let n be (18/15)/((-12)/(-40)). Suppose n*d - 18 = 2, -5*y = 4*d - 8340. Suppose y = 4*s + 3*t, 2*s - 171 - 643 = 3*t. Is s a prime number?
False
Suppose -4*c = 4*s - 4, -4*s = 4*c - c - 1. Is (-1814)/c*3/(-4)*2 composite?
False
Suppose -3*z + 3 = -0. Suppose 7885*s = 7884*s + 3. Suppose -384 - 1201 = -2*x - s*t, 0 = t - z. Is x composite?
True
Let c(v) = 3344*v - 305. Is c(11) composite?
False
Let u = -75 + 75. Suppose 5*n - 4*n - 3 = u. Is 1/(((-6)/(-3506))/n) prime?
True
Suppose 16*b - 977015 - 1096281 = 0. Is b composite?
False
Suppose 5*s - 4*s = -10*s + 438229. Is s composite?
False
Suppose 5*j + 3*j - 887649 = -13*j. Is j composite?
True
Let s(q) = 9*q**3 - 9*q**2 - 3*q + 7. Let o(z) = -45*z**3 + 44*z**2 + 17*z - 34. Let x(u) = -2*o(u) - 11*s(u). Is x(-14) composite?
True
Let k be (-3686)/19 + (-5)/1. Let a(s) = 3*s**3 - 5*s**2 + 3*s + 2. Let v be a(-5). Let z = k - v. Is z composite?
True
Let p be 6/4 - 111624/(-48). Suppose 2*x = 8, -5*w = -2*x - p - 1675. Suppose -4*b + 362 = -w. Is b composite?
True
Suppose 11*q - 3*q - 473376 = 0. Suppose -q = -0*s - 12*s. Is s a prime number?
True
Let f(v) = -896*v - 11. Let z(r) = -895*r - 10. Suppose -3*b + 9 = 2*q, -3*b + 2*q - 5 + 26 = 0. Let n(t) = b*f(t) - 6*z(t). Is n(6) prime?
False
Let v = 187743 + -129770. Is v a prime number?
True
Let t(c) be the first derivative of -6*c**5/5 + 5*c**4/24 - 17*c**3/3 + 2. Let d(m) be the third derivative of t(m). Is d(-4) a prime number?
False
Let p(k) = -1. Let v(r) = -r**2 + 10*r - 3. Let t(s) = -6*p(s) + v(s). Let l = -116 - -124. Is t(l) composite?
False
Suppose -81*i + 84*i = 12*r - 5017932, -5*r + i + 2090807 = 0. Is r composite?
True
Let f(m) = m**3 - 7*m**2 - 8*m - 4. Let p = 107 + -99. Let d be f(p). Is (-3 + ((-10)/d - 0))*-898 a composite number?
False
Is (-7 + 4 - -209744) + 2 + (3 - -1) composite?
True
Suppose 16*b = 14*b - 14. Let y = b - -6. Is (-662)/(-12) + y/6 prime?
False
Let y(n) be the third derivative of n**6/120 - 11*n**5/30 - 3*n**4/8 - 29*n**3/6 - 15*n**2. Is y(23) composite?
False
Is ((-28585752)/624)/((-2)/4) prime?
True
Let n be (-10)/35 + 0 + (-264)/7. Let y = n - -43. Is y/7 + -1 - 1827/(-49) prime?
True
Let x be (-195981)/(-27) - (-52)/117. Suppose -5*p = -726 - x. Is p a composite number?
False
Let r = -1288 - -2159. Suppose -r = -3*k + 2807. Is k composite?
True
Let z be ((-1)/(-2))/(5/(-5))*-2. Let a be 7 + -4 + 6 - (0 + z). Suppose 0 = -a*c + 762 - 210. Is c a composite number?
True
Let m = -15862 - -56505. Is m prime?
False
Let j = 123891 - -62794. Is j a composite number?
True
Suppose -3*y = y - 16, -5*r - 3*y = -47. Let b(k) = 122*k**2 - 2*k + 47. Is b(r) prime?
True
Suppose -5*l - 10664 = -6*q, -q - 3*l - 1786 = -2*q. Let g = 3767 + q. Is g prime?
False
Let z = 6041 - 1154. Let r = -1568 + z. Is r prime?
True
Let q(p) = -p**3 - 3*p**2 + 7*p - 11. Let v be q(-5). Suppose 3*h - 5667 = 5*n, -52 = -v*h + n + 7521. Is h composite?
True
Is (-2 - (-5 - -9)) + 1429025/5 a prime number?
False
Let r(x) = 12*x + 42. Let j be r(21). Let i = j + -209. Suppose -2*s + 5*w = 2*s - 326, -s + 3*w = -i. Is s composite?
False
Suppose -6*x = -a - 10*x - 805, -1610 = 2*a - x. Suppose 5*h = -4*h + 18414. Let j = h + a. Is j composite?
True
Suppose 2*k + 4 = 0, 0*k = 3*o - k - 8. Let p(a) = 3*a + 33 - 70 + 20*a**2 + o*a + 29. Is p(5) prime?
False
Suppose -128*q + 124*q + 38756 = 0. Is q prime?
True
Let l(p) = 2*p**2 + 5*p. Let t be l(-4). Suppose 8 = -4*s - 0*s + 2*x, t = -5*s + 3*x. Suppose 2*r - 416 = -s*r + 5*c, -5*r + 5*c + 1025 = 0. Is r prime?
False
Suppose -15*x + 152 = -463. Suppose -60*r + 256937 = -x*r. Is r prime?
True
Suppose -2*t - 441917 - 212722 = -5*z, 3*z = -t + 392779. Is z a composite number?
False
Let r(d) = 46*d**2 + 3*d - 15. Suppose -2*l - 2*l + 19 = -3*o, 0 = -5*l - 2*o + 41. Let h be r(l). Let m = h + -1305. Is m a prime number?
False
Suppose q + 4*s = 60691, -77869 = -q + 2*s - 17136. Is q prime?
True
Let h(o) = 270*o**2 - 31*o - 263. Is h(-16) composite?
True
Let j(t) = -418*t + 44. Let s be j(-13). Let f = s - 3196. Is (-15)/(-2)*f/21 a composite number?
True
Is ((-3314)/3)/((-10)/705) prime?
False
Let c be 1/(1/(-3)) + -1. Let i(d) = -4*d**3 - d**2 + 2*d - 1. Let y(g) = -9*g**3 - g**2 + 4*g - 2. Let q(b) = 5*i(b) - 2*y(b). Is q(c) a prime number?
True
Suppose 0 = 142*u - 3611476 + 1462874. Is u a composite number?
False
Suppose 3*n - 10 = 2. Let p(t) = -4*t + 2*t + 5 - n*t + 5*t**2. Is p(-4) a composite number?
False
Let j(q) = 64016*q - 239. Is j(3) a prime number?
False
Let a = 18813 + 39074. Is a composite?
True
Let t(c) = -2*c**2 - 7*c + 8. Let r be t(-4). Suppose 0 = -n - r*n + 5495. Suppose -3*m = 2*a - n, -m = 2*a - 5*m - 1106. Is a a composite number